igit of a?
2
Suppose -5*b - 2*k + 13690 = 0, -4*b + 3637 + 7343 = -4*k. What is the tens digit of b?
4
Suppose -4*j + 4*c = -120, 0*j + j + 4*c = 50. Suppose -3*q - 5*h + 86 = 0, 3*q + 3*h = 2*q + j. Let s = 23 - q. What is the units digit of s?
1
Let d = 322 + 301. What is the tens digit of d?
2
What is the hundreds digit of (-9)/(-12) + 5653/4?
4
Let q(c) = 4*c**2 - 5. Suppose 0 = 3*i + 2*i - g + 9, -3 = -i + 5*g. What is the units digit of q(i)?
1
Suppose -2*q = 3*f, 2*f = -3*f. Suppose q = -5*l + l. Suppose 5*a - 78 = -l*a - i, 62 = 4*a + i. What is the tens digit of a?
1
Let u(s) = -5*s**2 + 63*s - 2. Let c be u(16). Let y = 46 - c. What is the hundreds digit of y?
3
Let c(m) = -86*m - 306. What is the tens digit of c(-11)?
4
What is the hundreds digit of (-2 - 1)/(1824/1832 - 1)?
6
Suppose -11*w + 10*w = 5*a + 1007, a + 4*w = -190. Let v = -121 - a. What is the tens digit of v?
8
Let t be 657/3 + 5 - (-1 - -3). Let r = 316 - t. What is the units digit of r?
4
What is the hundreds digit of (5 + (-44)/(-12))*183?
5
Suppose 591 = -5*p + 81. Let n = 247 + p. What is the hundreds digit of n?
1
Let a(y) be the third derivative of -y**4/8 - 4*y**3/3 - 7*y**2. Let q be a(7). Let r = q + 36. What is the units digit of r?
7
Suppose -5*y = -228 - 397. Let t = -78 + y. What is the units digit of t?
7
Let z = -172 - -795. What is the tens digit of z?
2
Suppose -4*s - 24 = -0. Let c(o) = -o**2 - 9*o + 8. What is the tens digit of c(s)?
2
Let u = 900 + 134. What is the thousands digit of u?
1
Let s = 50 + -101. Let p be (0 + -1)/(3/69). Let d = p - s. What is the tens digit of d?
2
Suppose 22*j = 1573 + 5489. What is the hundreds digit of j?
3
Let o = -258 + 915. What is the units digit of o?
7
Let t(d) = d**2 - 9*d - 18. Let o be t(-4). Suppose -o = -13*c + 70. What is the units digit of c?
8
Let s = 4 + 7. Suppose 0 = v - s*v + 1050. What is the tens digit of v?
0
Suppose 47*y = 40*y + 3997. What is the units digit of y?
1
Suppose -157*t = -182*t + 49225. What is the tens digit of t?
6
Suppose 9*y = 154 + 44. Suppose -y = -s - 4. What is the units digit of s?
8
Suppose -21 = -5*a - 2*n, -5*a - 5*n = -3*a. Suppose -a*u + 213 = -122. What is the units digit of u?
7
Suppose 0 = -i + 2*d + 2815, -6615 = -3*i - 5*d + 1863. What is the units digit of i?
1
Let l(v) = -82*v + 666. What is the tens digit of l(5)?
5
Suppose -753 = -5*t - 3*a + 1636, 2391 = 5*t + 2*a. What is the hundreds digit of t?
4
Suppose 0 = 3*q - 2*j - 6, -3*q - 4 = -7*q + 4*j. What is the tens digit of 3/(-2) - (-606)/q?
5
Suppose 0 = -2*f - 4*l + 2, -5*f = 2*l - 13. Suppose -2*z + 2*k + 102 = -120, f*k + 563 = 5*z. What is the hundreds digit of z?
1
Let g = -9 - -10. Suppose -y + 3 = g. Suppose y*v = 33 - 1. What is the units digit of v?
6
Suppose -5*o + 300 = 3*k, 4*k - 7*o + 2*o = 365. Suppose -46 - k = -3*q. What is the units digit of q?
7
Let f(x) = x**2 + 2*x - 17. Let m = 33 + -13. Let d = 13 - m. What is the tens digit of f(d)?
1
Let j = 47 - 43. Suppose 30 = j*w - 26. What is the units digit of w?
4
Let p = 4 + -8. Let v(m) = -m**2 - 4*m - 1. Let w be v(-3). What is the units digit of (w - 6)*2/p?
2
Let g be 1/(1/(-6)*-2). Suppose 4*p - 2*j = 28, p - 8 = g*j + 9. What is the units digit of p?
5
Let n(g) = g**2 - 13*g + 13. Let m be n(12). Let w = m + -1. Suppose -6 = -3*o - w. What is the units digit of o?
2
Suppose -2*a - 3*c + 131 = -151, 3*a - 438 = 3*c. Let l = 494 + -338. Suppose -l - a = -4*t. What is the units digit of t?
5
Let y(a) = a**2 - 7*a - 14. Let d be y(9). Suppose -76 = -z + 5*o - 0, d*z = 3*o + 304. What is the tens digit of z?
7
What is the tens digit of (-5)/4 + 111*200/96?
3
Let r be ((-1)/2)/((-10)/40). Let g be 279/5 + r/10. Let m = g + -39. What is the units digit of m?
7
Let b be -7*(-2)/(6/(-3)). Let z = b - 3. Let s(q) = q**2 + 5*q + 2. What is the units digit of s(z)?
2
Suppose 0 = -k + 3*k + 8, 2*d + 5*k - 122 = 0. What is the units digit of d?
1
Suppose -l = -4*b + 7539, b - 2*l + 7*l = 1890. What is the thousands digit of b?
1
Suppose -8 = -4*o - 2*t, -t = o - 4*o - 4. What is the tens digit of 4/26 + (6696/78 - o)?
8
Suppose -11*b = 90 + 9. What is the units digit of -9 + (-2250)/b + 1*3?
4
Let l(i) = i - 3*i - 3*i - i**3 - 4*i - 10*i**2 - 6. Let v be l(-9). What is the units digit of v*2*2/(-2)?
2
Let h(f) = 82*f - 96. What is the tens digit of h(3)?
5
Suppose -2*n + 4*r = -0*n - 2, 5*r + 10 = 5*n. Suppose 2*h = 5*b - 51, 0 = b - 4*h - n. What is the units digit of b?
1
Suppose -2*m + 7015 = 5*g, -3*g + 2777 = -g - 5*m. Suppose g + 335 = 8*v. What is the units digit of v?
7
Suppose 25 = -c + 2*s + 331, 5*c - 1541 = -s. What is the units digit of c?
8
Let c(f) = 49*f - 86. What is the thousands digit of c(31)?
1
Let x(v) = 10*v**3 - v**2 + v. Let r be x(1). Let t = 15 - r. Suppose 2*l = -3*l + t. What is the units digit of l?
1
Suppose -4*x + 2*x + 3*y = -4162, 3*y = 12. What is the hundreds digit of x?
0
Let c = 320 - 212. Suppose 6*f - 2*f - c = 0. What is the tens digit of f?
2
Let w(k) = -k + 16. Let u be w(-13). Let s = 67 + u. Suppose 5*c - 2*c = s. What is the tens digit of c?
3
Suppose 0 = 4*o - p - 35, -4*o + 3*p + 44 = -p. Suppose -o*c = -3*c. Suppose -r + 14 - 9 = c. What is the units digit of r?
5
Suppose 32*d = 46064 + 15120. What is the thousands digit of d?
1
Suppose 2*w + 5*y = 612 + 913, -762 = -w - 2*y. What is the tens digit of w?
6
Let a(u) = 5*u**2 - u + 62. Let f be a(11). Suppose 3*j = -j + f. What is the units digit of j?
4
Let k(t) = 3*t + 1. Let w be k(-1). What is the tens digit of (-149)/w + (-27)/(-18)?
7
Let a = 1569 + -662. What is the tens digit of a?
0
Let h(o) = -o - 3 + o**3 - 2*o - 3*o**3 - 2*o. What is the hundreds digit of h(-4)?
1
Let m(i) be the second derivative of -i**5/20 - i**4/4 - i**3/2 - 3*i**2 + 15*i. What is the tens digit of m(-5)?
5
Suppose 0 = 3*b - 813 - 5553. What is the units digit of b?
2
What is the tens digit of 121 + 2*(-5)/10*-4?
2
Let q(p) = p**3 + 28*p**2 + 25*p + 295. What is the hundreds digit of q(-24)?
9
Suppose -14*l + 10887 = 2207. What is the hundreds digit of l?
6
What is the hundreds digit of (1 + 246/1)*1?
2
Let j be ((-198)/(-24))/((-1)/4). Let z = 15 - j. What is the tens digit of z?
4
Suppose -5*h - 1852 - 1053 = -5*l, -5*h + 1751 = 3*l. What is the tens digit of l?
8
Let s = 777 - 583. What is the hundreds digit of s?
1
What is the hundreds digit of 0 + -17 + 8 - -3263?
2
Suppose 5*u - 2*b + 126 = 0, -4*u - 2*b - 87 = b. What is the tens digit of -43*(u/30)/(2/5)?
8
Suppose c - 4*x - 91 = 0, -9 = 5*x - 2*x. Suppose -2*m = 3*n - c - 40, 2*m + 2*n = 122. What is the units digit of m?
4
Let s(m) = -m**3 + 9*m**2 + 12*m - 18. Let h be s(10). What is the units digit of 2/(4/(-2)) - (-112)/h?
5
Let w = 17 - 22. Let j(i) = -i**3 - 4*i**2 + 3*i + 2. Let m be j(w). What is the tens digit of m - (-7)/(28/(-8))?
1
Let h = -61 + 64. Suppose -4*s - h*g = -187, -183 = 2*s - 6*s + g. What is the units digit of s?
6
Suppose 12*t + 24332 = 40*t. What is the hundreds digit of t?
8
Let y(g) be the first derivative of -g**5/60 - 2*g**4/3 - 5*g**3/2 - g**2/2 - 2. Let m(v) be the second derivative of y(v). What is the tens digit of m(-13)?
2
Suppose -33*r = -19*r - 18158. What is the units digit of r?
7
Let j(g) = -g**2 + 8*g - 2. Let o be j(6). Suppose -o*m + 779 = -281. What is the hundreds digit of m?
1
Let n = 414 + 812. What is the tens digit of n?
2
Suppose 2*t = 7*t - 20. Suppose 3*o + 2*h = -3*h - 23, o - 3*h + 17 = 0. What is the units digit of t/((-24)/o + -2)?
2
Let m be (-8)/(-10)*30/(-12). What is the tens digit of (-394)/(-6) - m/6?
6
Suppose -t - 4 = 0, 2*p + 3*t = -t - 46. Let n = -12 - p. Suppose 0 = -n*m - 2*v - v + 135, -4*m + 3*v + 173 = 0. What is the units digit of m?
4
Suppose x = -w + 2448, -23*w = -24*w + 4*x + 2443. What is the hundreds digit of w?
4
Let h(q) = q - q**3 + 11*q**2 - 22*q**2 + 2 + 7*q**2 - 35. What is the tens digit of h(-6)?
3
What is the hundreds digit of ((-429)/(-26))/11*2302?
4
Let a(g) = -5*g - 1. Let y = -68 + 58. What is the tens digit of a(y)?
4
Suppose -5*b = 2*r - 1573, -4*b + 4*r = 5*r - 1259. Suppose -2*k + 114 = 2*x, 0 = -5*x - 0*k + 5*k + b. What is the tens digit of x?
6
Suppose 4565 = 3*q + k, -3*k = -8*k - 20. What is the thousand